{"id":785,"date":"2020-08-20T13:27:22","date_gmt":"2020-08-20T11:27:22","guid":{"rendered":"https:\/\/arttrade.biz.pl\/sklep\/?post_type=product&#038;p=785"},"modified":"2025-05-20T13:47:17","modified_gmt":"2025-05-20T11:47:17","slug":"przedluzka-widel-1600x100x50","status":"publish","type":"product","link":"https:\/\/arttrade.biz.pl\/sklep\/produkt\/przedluzka-widel-1600x100x50\/","title":{"rendered":"Przed\u0142u\u017cka wide\u0142 1600x100x50"},"content":{"rendered":"<div><b>Uprzejmie prosimy o podanie informacji niezb\u0119dnych\u00a0 do\u00a0<\/b><span style=\"color: #333399;\"><b>realizacji<\/b><\/span>\u00a0<b>\u00a0do zam\u00f3wienia:<\/b><\/div>\n<ul>\n<li class=\"firstItem\">d\u0142ugo\u015b\u0107 wide\u0142,<\/li>\n<li>szeroko\u015b\u0107,<\/li>\n<li>grubo\u015b\u0107,<\/li>\n<li class=\"lastItem\">ud\u017awig w\u00f3zka wid\u0142owego<\/li>\n<\/ul>\n<div class=\"default-style\">Zapraszamy do zakupy solidnych, trwa\u0142ych\u00a0 i dobrze wykonanej przed\u0142u\u017cki polskiej produkcji.<br \/>\nPrzed\u0142u\u017cki maj\u0105 specjalnie wyprofilowane ko\u0144c\u00f3wk\u0119 aby umo\u017cliwi\u0107 pobieranie i prac\u0119 z \u0142adunkiem.<\/div>\n<div><\/div>\n<div><strong>Bardzo wa\u017cne!<\/strong><\/div>\n<div><\/div>\n<div class=\"default-style\">\n<p>D\u0142ugo\u015b\u0107 wid\u0142y powinna stanowi\u0107 co najmniej 60% d\u0142ugo\u015bci przed\u0142u\u017cki<\/p>\n<p>Poszukujesz innych przed\u0142u\u017cek zadzwo\u0144 lub napisz do nas !<\/p>\n<p>Zapraszamy, ch\u0119tnie odpowiemy na Twoje pytania i pomo\u017cemy w doborze przed\u0142u\u017cek<\/p>\n<\/div>\n<div class=\"default-style\">Oferowana cena dotyczy 1 sztuki przed\u0142u\u017cki<\/div>\n","protected":false},"excerpt":{"rendered":"<p><strong>SPECYFIKACJA:<\/strong><\/p>\n<ul>\n<li>Przed\u0142u\u017cka wide\u0142 o wymiarach zewn\u0119trznych:<\/li>\n<li>D\u0142ugo\u015b\u0107 &#8211; <strong>1600<\/strong><b>\u00a0mm<\/b><\/li>\n<li>Szeroko\u015b\u0107 &#8211;<strong> 100 mm<\/strong><\/li>\n<li>Grubo\u015b\u0107 &#8211;<strong> 50<\/strong><b>\u00a0mm<\/b><strong><br \/>\n<\/strong><\/li>\n<li>Przed\u0142u\u017cka Przystosowana do wid\u0142y o wymiarach:<\/li>\n<li>D\u0142ugo\u015b\u0107:\u00a0<strong>d\u0142ugo\u015b\u0107 wid\u0142y powinna stanowi\u0107 co najmniej 60% d\u0142ugo\u015bci przed\u0142u\u017cki<\/strong><\/li>\n<li>Szeroko\u015b\u0107 &#8211; <strong>80 mm<\/strong><\/li>\n<li>Grubo\u015b\u0107 &#8211; <strong>30\/35 mm<\/strong><strong><br \/>\n<\/strong><\/li>\n<li>Kraj pochodzenia:\u00a0<strong>Polska<\/strong><\/li>\n<li>Atest:\u00a0<strong>Tak<\/strong><\/li>\n<li>Gwarancja:\u00a0<strong>12 miesi\u0119cy<\/strong><\/li>\n<li>Stan:<strong>\u00a0fabrycznie nowa<\/strong><\/li>\n<li>Mocowanie:\u00a0<strong>sworze\u0144 + zabezpieczenie<\/strong><\/li>\n<\/ul>\n","protected":false},"featured_media":743,"template":"","meta":{"site-sidebar-layout":"default","site-content-layout":"default","ast-site-content-layout":"default","site-content-style":"default","site-sidebar-style":"default","ast-global-header-display":"","ast-banner-title-visibility":"","ast-main-header-display":"","ast-hfb-above-header-display":"","ast-hfb-below-header-display":"","ast-hfb-mobile-header-display":"","site-post-title":"","ast-breadcrumbs-content":"","ast-featured-img":"","footer-sml-layout":"","ast-disable-related-posts":"","theme-transparent-header-meta":"default","adv-header-id-meta":"","stick-header-meta":"","header-above-stick-meta":"","header-main-stick-meta":"","header-below-stick-meta":"","astra-migrate-meta-layouts":"default","ast-page-background-enabled":"default","ast-page-background-meta":{"desktop":{"background-color":"","background-image":"","background-repeat":"repeat","background-position":"center center","background-size":"auto","background-attachment":"scroll","background-type":"","background-media":"","overlay-type":"","overlay-color":"","overlay-opacity":"","overlay-gradient":""},"tablet":{"background-color":"","background-image":"","background-repeat":"repeat","background-position":"center center","background-size":"auto","background-attachment":"scroll","background-type":"","background-media":"","overlay-type":"","overlay-color":"","overlay-opacity":"","overlay-gradient":""},"mobile":{"background-color":"","background-image":"","background-repeat":"repeat","background-position":"center center","background-size":"auto","background-attachment":"scroll","background-type":"","background-media":"","overlay-type":"","overlay-color":"","overlay-opacity":"","overlay-gradient":""}},"ast-content-background-meta":{"desktop":{"background-color":"var(--ast-global-color-5)","background-image":"","background-repeat":"repeat","background-position":"center center","background-size":"auto","background-attachment":"scroll","background-type":"","background-media":"","overlay-type":"","overlay-color":"","overlay-opacity":"","overlay-gradient":""},"tablet":{"background-color":"var(--ast-global-color-5)","background-image":"","background-repeat":"repeat","background-position":"center center","background-size":"auto","background-attachment":"scroll","background-type":"","background-media":"","overlay-type":"","overlay-color":"","overlay-opacity":"","overlay-gradient":""},"mobile":{"background-color":"var(--ast-global-color-5)","background-image":"","background-repeat":"repeat","background-position":"center center","background-size":"auto","background-attachment":"scroll","background-type":"","background-media":"","overlay-type":"","overlay-color":"","overlay-opacity":"","overlay-gradient":""}}},"product_brand":[],"product_cat":[265],"product_tag":[],"yst_prominent_words":[267,269,266,268],"class_list":{"0":"post-785","1":"product","2":"type-product","3":"status-publish","4":"has-post-thumbnail","6":"product_cat-przedluzki-widel","7":"product_shipping_class-przedluzki-do-dlugosci-2200-m","8":"desktop-align-left","9":"tablet-align-left","10":"mobile-align-left","12":"first","13":"onbackorder","14":"taxable","15":"shipping-taxable","16":"product-type-simple"},"_links":{"self":[{"href":"https:\/\/arttrade.biz.pl\/sklep\/wp-json\/wp\/v2\/product\/785","targetHints":{"allow":["GET"]}}],"collection":[{"href":"https:\/\/arttrade.biz.pl\/sklep\/wp-json\/wp\/v2\/product"}],"about":[{"href":"https:\/\/arttrade.biz.pl\/sklep\/wp-json\/wp\/v2\/types\/product"}],"wp:featuredmedia":[{"embeddable":true,"href":"https:\/\/arttrade.biz.pl\/sklep\/wp-json\/wp\/v2\/media\/743"}],"wp:attachment":[{"href":"https:\/\/arttrade.biz.pl\/sklep\/wp-json\/wp\/v2\/media?parent=785"}],"wp:term":[{"taxonomy":"product_brand","embeddable":true,"href":"https:\/\/arttrade.biz.pl\/sklep\/wp-json\/wp\/v2\/product_brand?post=785"},{"taxonomy":"product_cat","embeddable":true,"href":"https:\/\/arttrade.biz.pl\/sklep\/wp-json\/wp\/v2\/product_cat?post=785"},{"taxonomy":"product_tag","embeddable":true,"href":"https:\/\/arttrade.biz.pl\/sklep\/wp-json\/wp\/v2\/product_tag?post=785"},{"taxonomy":"yst_prominent_words","embeddable":true,"href":"https:\/\/arttrade.biz.pl\/sklep\/wp-json\/wp\/v2\/yst_prominent_words?post=785"}],"curies":[{"name":"wp","href":"https:\/\/api.w.org\/{rel}","templated":true}]}}

Przedłużka wideł 1600x100x50

<div><b>Uprzejmie prosimy o podanie informacji niezbędnych  do </b><span style="color: #333399;"><b>realizacji</b></span> <b> do zamówienia:</b></div>
<ul>
<li class="firstItem">długość wideł,</li>
<li>szerokość,</li>
<li>grubość,</li>
<li class="lastItem">udźwig wózka widłowego</li>
</ul>
<div class="default-style">Zapraszamy do zakupy solidnych, trwałych  i dobrze wykonanej przedłużki polskiej produkcji.<br />
Przedłużki mają specjalnie wyprofilowane końcówkę aby umożliwić pobieranie i pracę z ładunkiem.</div>
<div></div>
<div><strong>Bardzo ważne!</strong></div>
<div></div>
<div class="default-style">
<p>Długość widły powinna stanowić co najmniej 60% długości przedłużki</p>
<p>Poszukujesz innych przedłużek zadzwoń lub napisz do nas !</p>
<p>Zapraszamy, chętnie odpowiemy na Twoje pytania i pomożemy w doborze przedłużek</p>
</div>
<div class="default-style">Oferowana cena dotyczy 1 sztuki przedłużki</div>

<p><strong>SPECYFIKACJA:</strong></p>
<ul>
<li>Przedłużka wideł o wymiarach zewnętrznych:</li>
<li>Długość &#8211; <strong>1600</strong><b> mm</b></li>
<li>Szerokość &#8211;<strong> 100 mm</strong></li>
<li>Grubość &#8211;<strong> 50</strong><b> mm</b><strong><br />
</strong></li>
<li>Przedłużka Przystosowana do widły o wymiarach:</li>
<li>Długość: <strong>długość widły powinna stanowić co najmniej 60% długości przedłużki</strong></li>
<li>Szerokość &#8211; <strong>80 mm</strong></li>
<li>Grubość &#8211; <strong>30/35 mm</strong><strong><br />
</strong></li>
<li>Kraj pochodzenia: <strong>Polska</strong></li>
<li>Atest: <strong>Tak</strong></li>
<li>Gwarancja: <strong>12 miesięcy</strong></li>
<li>Stan:<strong> fabrycznie nowa</strong></li>
<li>Mocowanie: <strong>sworzeń + zabezpieczenie</strong></li>
</ul>
