{"id":675,"date":"2020-08-07T15:06:50","date_gmt":"2020-08-07T13:06:50","guid":{"rendered":"https:\/\/arttrade.biz.pl\/sklep\/?post_type=product&#038;p=675"},"modified":"2024-01-08T09:18:06","modified_gmt":"2024-01-08T08:18:06","slug":"cascade-przesuw-boczny-kar-3-iii-3500-kg-x-500-mm","status":"publish","type":"product","link":"https:\/\/arttrade.biz.pl\/sklep\/produkt\/cascade-przesuw-boczny-kar-3-iii-3500-kg-x-500-mm\/","title":{"rendered":"CASCADE PRZESUW BOCZNY KAR 3 III, 3500 kg x 500 mm"},"content":{"rendered":"<h1><strong>Najwa\u017cniejsze korzy\u015bci z zakupu:<\/strong><\/h1>\n<p><strong>Gwarancja 24 miesi\u0105ce bez limitu mth !<\/strong><\/p>\n<ul>\n<li>Przesuw boczny\u00a0<b>\u00a0<\/b>znanego producenta, \u015bwiatowego\u00a0<b>lidera na rynku<\/b>\u00a0osprz\u0119t\u00f3w i wide\u0142\u00a0 z 24 miesi\u0119czn\u0105 gwarancj\u0105 bez limitu mth.<\/li>\n<\/ul>\n<p><strong>CASCADE\u00a0 wy\u017csza wydajno\u015b\u0107, d\u0142u\u017cszy czas eksploatacji\u00a0 &#8211; wy\u017csza produktywno\u015b\u0107 !<\/strong><\/p>\n<ul>\n<li>Przesuwy boczne CASCADE serii F wyr\u00f3\u017cniaj\u0105 si\u0119 na tle innych osprz\u0119t\u00f3w zawieszanych\u00a0 nie tylko swoj\u0105 nowatorsk\u0105 budow\u0105. Przesuwy\u00a0 serii F to zakup na d\u0142ugie lata bezawaryjnej eksploatacji, dzi\u0119ki wysokiej trwa\u0142o\u015bci osprz\u0119tu, mocnej,\u00a0 zwartej,\u00a0 przemy\u015blanej i podanej wielu r\u00f3\u017cnorodnym\u00a0 testom\u00a0 konstrukcji. Przesuwy boczne zawieszane Cascade\u00a0<b>wybierane s\u0105<\/b>\u00a0przez wiod\u0105cych producent\u00f3w w\u00f3zk\u00f3w wid\u0142owych\u00a0<b>jako wyposa\u017canie fabryczne<\/b><\/li>\n<\/ul>\n<p><strong>Mo\u017cliwo\u015b\u0107 przekszta\u0142cenia przesuwu w pozycjoner wide\u0142 !<\/strong><\/p>\n<ul>\n<li>Przemy\u015blane rozwi\u0105zania ! Oferowany przesuw boczny,\u00a0 producent ju\u017c wcze\u015bniej przygotowa\u0142 (nawiercaj\u0105c odpowiednie otwory monta\u017cowe) do konwersji\u00a0 w\u00a0<b>POZYCJONER wide\u0142.\u00a0<\/b>\u00a0Wszystko to\u00a0 przy pomocy fabrycznego prostego w instalacji zestawu,\u00a0\u00a0kt\u00f3ry mo\u017cna bez problemu\u00a0 dokupi\u0107 &#8211; szczeg\u00f3\u0142y kontakt tel. lub milowy<\/li>\n<\/ul>\n","protected":false},"excerpt":{"rendered":"<p><strong>SPECYFIKACJA:<\/strong><\/p>\n<div class=\"_1voj4 _z9prt _1xzdi _ai5yc _5d6n2 _15lj1\">\n<div class=\"_2d49e_5pK0q\"><\/div>\n<\/div>\n<div class=\"_1voj4 _z9prt _1xzdi _ai5yc _5d6n2 _15lj1\">\n<div class=\"_4lbi0 _6kfrx _ur8qq _u5o1q _1xm8p _1agsg\">\n<div class=\"_18vat _10a7o _1yhvf _7ccvy\">\n<div class=\"_1voj4 _z9prt _1xzdi _ai5yc _5d6n2 _15lj1\">\n<div class=\"_2d49e_5pK0q\">\n<ul>\n<li>Producent &#8211;\u00a0<b>CASCADE<\/b><\/li>\n<li>Stan &#8211;\u00a0<b>Fabrycznie nowy<\/b><\/li>\n<li>Produkt &#8211;\u00a0<b>przesuw boczny zawieszany 1 sztuka<\/b><\/li>\n<li>Model &#8211;\u00a0<b>65F-SSS-B&#8230;<\/b><\/li>\n<li>Ud\u017awig na \u015brodku\u00a0 ci\u0119\u017cko\u015bci &#8211;\u00a0<b>3500 kg\u00a0 na\u00a0 500 mm<\/b><\/li>\n<li>szeroko\u015b\u0107 &#8211;\u00a0<b>1200 mm<\/b><\/li>\n<li>skok przesuwu &#8211;\u00a0<b>200 mm<\/b><\/li>\n<li>klasa karetki &#8211;\u00a0<b>3<\/b><\/li>\n<li>waga przesuwu ca. &#8211;\u00a0<b>76\u00a0kg<\/b><\/li>\n<\/ul>\n<\/div>\n<\/div>\n<div class=\"_1voj4 _z9prt _1xzdi _ai5yc _5d6n2 _15lj1\">\n<div class=\"_4lbi0 _6kfrx _ur8qq _u5o1q _1xm8p _1agsg\">\n<div class=\"_18vat _10a7o _1yhvf _7ccvy\"><\/div>\n<\/div>\n<\/div>\n<\/div>\n<\/div>\n<\/div>\n","protected":false},"featured_media":679,"template":"","meta":{"site-sidebar-layout":"default","site-content-layout":"default","ast-site-content-layout":"default","site-content-style":"default","site-sidebar-style":"default","ast-global-header-display":"","ast-banner-title-visibility":"","ast-main-header-display":"","ast-hfb-above-header-display":"","ast-hfb-below-header-display":"","ast-hfb-mobile-header-display":"","site-post-title":"","ast-breadcrumbs-content":"","ast-featured-img":"","footer-sml-layout":"","ast-disable-related-posts":"","theme-transparent-header-meta":"default","adv-header-id-meta":"","stick-header-meta":"","header-above-stick-meta":"","header-main-stick-meta":"","header-below-stick-meta":"","astra-migrate-meta-layouts":"default","ast-page-background-enabled":"default","ast-page-background-meta":{"desktop":{"background-color":"","background-image":"","background-repeat":"repeat","background-position":"center center","background-size":"auto","background-attachment":"scroll","background-type":"","background-media":"","overlay-type":"","overlay-color":"","overlay-opacity":"","overlay-gradient":""},"tablet":{"background-color":"","background-image":"","background-repeat":"repeat","background-position":"center center","background-size":"auto","background-attachment":"scroll","background-type":"","background-media":"","overlay-type":"","overlay-color":"","overlay-opacity":"","overlay-gradient":""},"mobile":{"background-color":"","background-image":"","background-repeat":"repeat","background-position":"center center","background-size":"auto","background-attachment":"scroll","background-type":"","background-media":"","overlay-type":"","overlay-color":"","overlay-opacity":"","overlay-gradient":""}},"ast-content-background-meta":{"desktop":{"background-color":"var(--ast-global-color-5)","background-image":"","background-repeat":"repeat","background-position":"center center","background-size":"auto","background-attachment":"scroll","background-type":"","background-media":"","overlay-type":"","overlay-color":"","overlay-opacity":"","overlay-gradient":""},"tablet":{"background-color":"var(--ast-global-color-5)","background-image":"","background-repeat":"repeat","background-position":"center center","background-size":"auto","background-attachment":"scroll","background-type":"","background-media":"","overlay-type":"","overlay-color":"","overlay-opacity":"","overlay-gradient":""},"mobile":{"background-color":"var(--ast-global-color-5)","background-image":"","background-repeat":"repeat","background-position":"center center","background-size":"auto","background-attachment":"scroll","background-type":"","background-media":"","overlay-type":"","overlay-color":"","overlay-opacity":"","overlay-gradient":""}}},"product_brand":[],"product_cat":[41],"product_tag":[],"yst_prominent_words":[205,217,214,81,216,212,192,213,215,219,198,199,193,200,197,218,72],"class_list":{"0":"post-675","1":"product","2":"type-product","3":"status-publish","4":"has-post-thumbnail","6":"product_cat-przesuwy-boczne-zawieszane","7":"product_shipping_class-darmowe","8":"desktop-align-left","9":"tablet-align-left","10":"mobile-align-left","12":"first","13":"instock","14":"taxable","15":"shipping-taxable","16":"purchasable","17":"product-type-simple"},"_links":{"self":[{"href":"https:\/\/arttrade.biz.pl\/sklep\/wp-json\/wp\/v2\/product\/675","targetHints":{"allow":["GET"]}}],"collection":[{"href":"https:\/\/arttrade.biz.pl\/sklep\/wp-json\/wp\/v2\/product"}],"about":[{"href":"https:\/\/arttrade.biz.pl\/sklep\/wp-json\/wp\/v2\/types\/product"}],"wp:featuredmedia":[{"embeddable":true,"href":"https:\/\/arttrade.biz.pl\/sklep\/wp-json\/wp\/v2\/media\/679"}],"wp:attachment":[{"href":"https:\/\/arttrade.biz.pl\/sklep\/wp-json\/wp\/v2\/media?parent=675"}],"wp:term":[{"taxonomy":"product_brand","embeddable":true,"href":"https:\/\/arttrade.biz.pl\/sklep\/wp-json\/wp\/v2\/product_brand?post=675"},{"taxonomy":"product_cat","embeddable":true,"href":"https:\/\/arttrade.biz.pl\/sklep\/wp-json\/wp\/v2\/product_cat?post=675"},{"taxonomy":"product_tag","embeddable":true,"href":"https:\/\/arttrade.biz.pl\/sklep\/wp-json\/wp\/v2\/product_tag?post=675"},{"taxonomy":"yst_prominent_words","embeddable":true,"href":"https:\/\/arttrade.biz.pl\/sklep\/wp-json\/wp\/v2\/yst_prominent_words?post=675"}],"curies":[{"name":"wp","href":"https:\/\/api.w.org\/{rel}","templated":true}]}}