{"id":275,"date":"2020-05-17T16:17:10","date_gmt":"2020-05-17T14:17:10","guid":{"rendered":"https:\/\/arttrade.biz.pl\/sklep\/produkt\/import-placeholder-for-10\/"},"modified":"2026-03-12T09:43:18","modified_gmt":"2026-03-12T08:43:18","slug":"prostownik-acctiva-professional-35a-napiecie-akumulatora-6-v-12-v-24-v-prad-ladowania-35-a","status":"publish","type":"product","link":"https:\/\/arttrade.biz.pl\/sklep\/produkt\/prostownik-acctiva-professional-35a-napiecie-akumulatora-6-v-12-v-24-v-prad-ladowania-35-a\/","title":{"rendered":"Prostownik Fronius ACCTIVA Professional 35A Napi\u0119cie akumulatora 6 V \/ 12 V \/ 24 V Pr\u0105d \u0142adowania 35 A"},"content":{"rendered":"<ul>\n<li><b>Ca\u0142kowicie automatyczne \u0142adowanie dzi\u0119ki funkcji Plug &amp; Charge<\/b><\/li>\n<li>\u0141atwa obs\u0142uga i najwy\u017csze bezpiecze\u0144stwo eksploatacji dzi\u0119ki animowanemu wy\u015bwietlaczowi graficznemu. Wszystkie funkcje oraz dane \u0142adowania mo\u017cna w przejrzysty spos\u00f3b ustawia\u0107 i odczytywa\u0107 na wy\u015bwietlaczu<\/li>\n<li>Menu urz\u0105dzenia w j\u0119zyku polskim (do wyboru)<\/li>\n<li>Samoczynne rozpoznawanie i wyb\u00f3r napi\u0119cia akumulatora w przypadku 6 V, 12 V oraz 24 V<\/li>\n<li>Trwa\u0142a, kompaktowa obudowa, umo\u017cliwiaj\u0105ca elastyczne u\u017cytkowanie w warsztacie<\/li>\n<li>Wtykane przewody do \u0142adowania i przewody sieciowe (r\u00f3\u017cnej d\u0142ugo\u015bci)<\/li>\n<li>Os\u0142ona kraw\u0119dzi dla zapewnienia trwa\u0142o\u015bci i ochrony przed uszkodzeniem lakieru<\/li>\n<li>Do \u0142adowania wzgl. do\u0142adowywania konwencjonalnych akumulator\u00f3w kwasowo-o\u0142owiowych, o\u0142owiowo-wapniowych\/srebrowych lub w\u0142\u00f3kninowych (AGM, MF) oraz bezobs\u0142ugowych akumulator\u00f3w o\u0142owiowo-\u017celowych bez od\u0142\u0105czania zacisk\u00f3w od instalacji zasilania w samochodzie<\/li>\n<li>Opcjonalny interfejs USB do aktualizacji oprogramowania systemu \u0142adowania zapewnia d\u0142ugie u\u017cytkowanie, r\u00f3wnie\u017c w przysz\u0142o\u015bci<\/li>\n<li>Zastosowanie technologii Active Inverter Technology<\/li>\n<li>Ca\u0142kowite bezpiecze\u0144stwo pojazdu, elektroniki pojazdu i akumulatora dzi\u0119ki zapewnieniu bezpiecze\u0144stwa elektroniki, zastosowaniu zabezpieczenia przeciwzwarciowego, elektronicznego zabezpieczenia przed zamian\u0105 biegun\u00f3w, termicznego zabezpieczenia przeci\u0105\u017ceniowego.<\/li>\n<\/ul>\n","protected":false},"excerpt":{"rendered":"<p><b>Dane techniczne:<\/b><\/p>\n<ul>\n<li>ACCTIVA Professional 35A<\/li>\n<li>Napi\u0119cie akumulatora 6 V \/ 12 V \/ 24 V<\/li>\n<li>Pr\u0105d \u0142adowania 35 A (pr\u0105d wyj\u015bciowy 35A &#8211; przy 7,2 V; 35A &#8211; przy 14,4 V; 35A &#8211; przy 28,8 V)<\/li>\n<li>Pojemno\u015b\u0107 akumulatora 3 &#8211; 350 Ah<\/li>\n<li>Napi\u0119cie sieciowe +\/- 15% 230 V<\/li>\n<li>Charakterystyka \u0142adowania IUoU \/ IU<\/li>\n<li>Stopie\u0144 ochrony IP 40 (horizontal) \/ IP 40 (vertical)<\/li>\n<li>Wymiary 270 x 168 x 100 mm \/ 9.72 x 6.38 x 3.46 in.<\/li>\n<li>Masa bez przewod\u00f3w\u00a0 2.0 kg \/ 4.63 lb.<\/li>\n<li>Przew\u00f3d zasilaj\u0105cy o d\u0142ugo\u015bci: 2 m<\/li>\n<li>Przew\u00f3d 10 mm2 do \u0142adowania akumulatora z zaciskami o d\u0142ugo\u015bci: 2,5 m zako\u0144czony zaciskami szcz\u0119kowymi &#8211; krokodylkami<\/li>\n<li>Znak atestu CE<\/li>\n<li>Zabezpieczenie sieciowe 16 A<\/li>\n<li>Klasa emisji zak\u0142\u00f3ce\u0144 elektromagnetycznych (EMC) B<\/li>\n<li>Ch\u0142odzenia konwekcja i wentylator<\/li>\n<\/ul>\n","protected":false},"featured_media":712,"template":"","meta":{"site-sidebar-layout":"default","site-content-layout":"default","ast-site-content-layout":"default","site-content-style":"default","site-sidebar-style":"default","ast-global-header-display":"","ast-banner-title-visibility":"","ast-main-header-display":"","ast-hfb-above-header-display":"","ast-hfb-below-header-display":"","ast-hfb-mobile-header-display":"","site-post-title":"","ast-breadcrumbs-content":"","ast-featured-img":"","footer-sml-layout":"","ast-disable-related-posts":"","theme-transparent-header-meta":"default","adv-header-id-meta":"","stick-header-meta":"","header-above-stick-meta":"","header-main-stick-meta":"","header-below-stick-meta":"","astra-migrate-meta-layouts":"default","ast-page-background-enabled":"default","ast-page-background-meta":{"desktop":{"background-color":"","background-image":"","background-repeat":"repeat","background-position":"center center","background-size":"auto","background-attachment":"scroll","background-type":"","background-media":"","overlay-type":"","overlay-color":"","overlay-opacity":"","overlay-gradient":""},"tablet":{"background-color":"","background-image":"","background-repeat":"repeat","background-position":"center center","background-size":"auto","background-attachment":"scroll","background-type":"","background-media":"","overlay-type":"","overlay-color":"","overlay-opacity":"","overlay-gradient":""},"mobile":{"background-color":"","background-image":"","background-repeat":"repeat","background-position":"center center","background-size":"auto","background-attachment":"scroll","background-type":"","background-media":"","overlay-type":"","overlay-color":"","overlay-opacity":"","overlay-gradient":""}},"ast-content-background-meta":{"desktop":{"background-color":"var(--ast-global-color-5)","background-image":"","background-repeat":"repeat","background-position":"center center","background-size":"auto","background-attachment":"scroll","background-type":"","background-media":"","overlay-type":"","overlay-color":"","overlay-opacity":"","overlay-gradient":""},"tablet":{"background-color":"var(--ast-global-color-5)","background-image":"","background-repeat":"repeat","background-position":"center center","background-size":"auto","background-attachment":"scroll","background-type":"","background-media":"","overlay-type":"","overlay-color":"","overlay-opacity":"","overlay-gradient":""},"mobile":{"background-color":"var(--ast-global-color-5)","background-image":"","background-repeat":"repeat","background-position":"center center","background-size":"auto","background-attachment":"scroll","background-type":"","background-media":"","overlay-type":"","overlay-color":"","overlay-opacity":"","overlay-gradient":""}}},"product_brand":[],"product_cat":[44],"product_tag":[],"yst_prominent_words":[226,221,245,243,278,247,246,244],"class_list":{"0":"post-275","1":"product","2":"type-product","3":"status-publish","4":"has-post-thumbnail","6":"product_cat-systemy-ladowania-akumulatorow-rozruchowych","7":"product_shipping_class-darmowe","8":"desktop-align-left","9":"tablet-align-left","10":"mobile-align-left","12":"first","13":"onbackorder","14":"taxable","15":"shipping-taxable","16":"purchasable","17":"product-type-simple"},"_links":{"self":[{"href":"https:\/\/arttrade.biz.pl\/sklep\/wp-json\/wp\/v2\/product\/275","targetHints":{"allow":["GET"]}}],"collection":[{"href":"https:\/\/arttrade.biz.pl\/sklep\/wp-json\/wp\/v2\/product"}],"about":[{"href":"https:\/\/arttrade.biz.pl\/sklep\/wp-json\/wp\/v2\/types\/product"}],"wp:featuredmedia":[{"embeddable":true,"href":"https:\/\/arttrade.biz.pl\/sklep\/wp-json\/wp\/v2\/media\/712"}],"wp:attachment":[{"href":"https:\/\/arttrade.biz.pl\/sklep\/wp-json\/wp\/v2\/media?parent=275"}],"wp:term":[{"taxonomy":"product_brand","embeddable":true,"href":"https:\/\/arttrade.biz.pl\/sklep\/wp-json\/wp\/v2\/product_brand?post=275"},{"taxonomy":"product_cat","embeddable":true,"href":"https:\/\/arttrade.biz.pl\/sklep\/wp-json\/wp\/v2\/product_cat?post=275"},{"taxonomy":"product_tag","embeddable":true,"href":"https:\/\/arttrade.biz.pl\/sklep\/wp-json\/wp\/v2\/product_tag?post=275"},{"taxonomy":"yst_prominent_words","embeddable":true,"href":"https:\/\/arttrade.biz.pl\/sklep\/wp-json\/wp\/v2\/yst_prominent_words?post=275"}],"curies":[{"name":"wp","href":"https:\/\/api.w.org\/{rel}","templated":true}]}}